 18 + g - 12. Give c(-6).
-1
Let q(g) be the third derivative of 0*g**4 - 1/3*g**3 + 0*g + 0 + 1/60*g**5 - 19*g**2. What is q(2)?
2
Let r(k) = k**3 + 7*k**2 + 7*k + 9. Let j be (-1)/(-4)*40/5. Suppose -j*s + 7 = -5. Suppose s = 10*m - 11*m. Give r(m).
3
Let c(l) be the second derivative of l**5/20 - l**3/6 + 23*l**2/2 - 2*l. Let p be 147/(-126) + (-21)/(-18). What is c(p)?
23
Let y(h) be the first derivative of h**6/90 + h**5/40 + h**4/8 + 31*h**3/3 + 2. Let c(w) be the third derivative of y(w). Determine c(-2).
13
Let r(z) = -4*z - 2. Let n be 27/6*8/12. Let f(m) = -5*m - 3. Let t(d) = n*f(d) - 4*r(d). Give t(1).
0
Suppose -o + 5*u - 16 = 0, -3*o - 24 = -5*o - 4*u. Let r(b) be the first derivative of -2*b - o + 1/4*b**4 - 4/3*b**3 + b**2. Determine r(4).
6
Let x(z) = -4*z**2 + 14*z + 3. Let v(s) = -s**2 + 2*s + 1. Let p(t) = -5*v(t) + x(t). Determine p(3).
19
Let i(g) = -g**3 + 8*g**2 - 4*g - 23. Suppose 4*q = 4*n + 9*q - 43, 3*q + 26 = 5*n. Give i(n).
-2
Let h(y) = -26*y - 2. Let i = -48 - -47. Determine h(i).
24
Let b(i) = 2*i**2 - i - 4. Suppose s + 18 = -2*q - 3*q, -3*s + q + 26 = 0. Suppose 0 = -s*n + 10*n - 9. What is b(n)?
11
Let r = 0 - -6. Let v(k) = -9*k**2 - k - 5. Let t(j) = -272*j**2 - 272*j**2 + 1 + 545*j**2. Let d(h) = r*t(h) + v(h). Determine d(1).
-3
Let z(s) = -2*s + 17. Let c(k) = k - 1. Let f(i) = -6*c(i) - z(i). Let a = 349 - 360. Let o(n) = -7*n - 21. Let u(y) = a*f(y) + 6*o(y). What is u(4)?
3
Let b(t) = 70*t - 278. Let j be b(4). Let u(n) = -3*n + 4. Determine u(j).
-2
Suppose 2*t + 10 = 3*k, 3*t - 4*t = 2*k + 5. Let p(h) = h**3 - h**2 - 17. Give p(k).
-17
Let g(h) be the second derivative of -h + h**2 - 18 + 1/3*h**3. Calculate g(4).
10
Let a be 6*(3 + -3 + -2)/(-4). Let w(r) = -2*r - r**3 - 6 + 4*r + 4*r**a - 4*r**2 - 2*r**3. Give w(4).
2
Let m(k) = 9*k + 235*k - 255*k. Determine m(-1).
11
Let b(m) = -m - 7. Suppose 63 + 17 = -8*x. Determine b(x).
3
Let v(n) = -202 + 348 - 2*n - 184. Determine v(-17).
-4
Let l(h) = -5*h**2 + 149 - 2*h - 145 + h**2. Let r(t) = t**2 + t. Let g(i) = -l(i) - 5*r(i). Calculate g(-4).
-8
Let c(h) = 8*h - 1. Suppose 3*y - 5*k = -0*k + 52, k + 2 = 0. Suppose 0 = -3*s - 4*s - y. Give c(s).
-17
Let d(x) = -x**2 + 8*x - 7. Suppose 2*g = 1 + 13. Let o be d(g). Let h(t) = -2 - 4*t**3 + 3*t**3 - 3*t - 4*t**2 + 2*t**3 + o*t**3. Determine h(5).
8
Let h(g) = -16*g + 5. Suppose 29*k + 17 = 75. What is h(k)?
-27
Suppose -5*y = 5*y - 70. Let j(w) = w**3 + 7*w**2 + w**2 - w**2 + y*w - 6. Give j(-6).
-12
Let d(s) be the second derivative of -s**3/6 - 7*s**2 + 52*s - 1. Give d(-17).
3
Let j(y) = -y**3 - y**2 - y - 22. Let w = -472 - -472. Give j(w).
-22
Let y = 40 - 37. Suppose 0*j - y*j = -2*l - 13, 4*l + 2 = -2*j. Let u(k) = -k**2 - 2. What is u(l)?
-6
Suppose 10 = 5*b + 5*x, b = 3*b - 5*x + 31. Let d be (-3)/2*(22/6 + b). Let a(h) = -5*h**3 - 2*h**2 - h. Determine a(d).
4
Let t = -41 - -6. Let h = t + 36. Let w(d) = -11*d**2 - d. Determine w(h).
-12
Let w(r) = r - 6. Suppose j - 3 = 2, 2*j - 20 = -5*k. Suppose 0 = 2*c - 8 + k. Give w(c).
-3
Let f be 13 + -13 + (-4)/8*10. Let g(o) = -4*o - 3*o**3 + 2*o**3 - 4 + 2*o - 5*o**2. Determine g(f).
6
Let a(l) = l**3 - 10*l**2 + 3*l - 16. Suppose 43*n = 12*n + 310. Calculate a(n).
14
Suppose -30 = -2*j + 8*j. Let z(h) = -h + 1. Give z(j).
6
Let c(d) be the first derivative of d**2/2 + 7*d + 166. Calculate c(-7).
0
Suppose 2*a = -4, -2*r - 288 = 2*r - 2*a. Let w = r - -33. Let f = w + 32. Let z(d) = -d**3 - 7*d**2 + 8*d - 7. What is z(f)?
-7
Let b(d) be the second derivative of -d**4/12 + 4*d**3/3 + 4*d + 5. Calculate b(6).
12
Let v(z) = 2*z**2 - 2*z + 9. Let p(j) be the first derivative of j**3 - 3/2*j**2 + 14*j + 1. Let k(g) = 5*p(g) - 8*v(g). What is k(4)?
-14
Let t(q) = -q**3 - 5*q**2 + 9*q + 8. Let h be -2 + (-16 - 4)/5. Give t(h).
-10
Suppose -v = 3*i - 4*v, 0 = -v. Let q = -50 - -54. Let o(t) = 0 + 14*t - 11*t - 5 - q*t. Give o(i).
-5
Let w(u) be the second derivative of u**4/12 + 11*u**3/6 - 23*u**2/2 + u + 163. What is w(-13)?
3
Let o(t) = 1 - 100*t + 8 - 5 + 104*t - 2*t**2. Give o(-3).
-26
Suppose -f + 2*n + 12 = f, -5 = n. Let g(i) be the first derivative of 15*i**4/4 + 2*i**3/3 - i**2/2 + 995. Give g(f).
16
Let t(r) = -r**3 - 3*r**2 + 2*r + 4. Let s be t(-3). Let y = s - -6. Let q(u) = -66*u - 5. Let x(a) = -49*a - 5. Let b(n) = -3*q(n) + 4*x(n). What is b(y)?
3
Suppose t + t = 4. Let x(p) = -p**2 + 2*p - 3. Let s be x(t). Let b(v) be the third derivative of v**6/120 + v**5/15 + v**4/12 + v**3/3 - v**2. Calculate b(s).
5
Let g(k) = -k**2 - 6. Suppose -2*s + 11*s = -18. Let m be (8/3 - (-8)/(-12)) + s. Give g(m).
-6
Let t(a) be the first derivative of -a**7/840 - a**6/90 - a**5/120 + a**4/12 + 34*a**3/3 - 15. Let p(x) be the third derivative of t(x). Calculate p(-4).
6
Let t = -18 + 26. Suppose -v = 3*y + t, -v = -0 - 4. Let r(j) = -j**2 - 5*j. Determine r(y).
4
Suppose 206*j - 5 = 205*j. Let t(s) be the third derivative of 0 - 2*s**2 + 0*s - 5/6*s**3 + 1/12*s**4. Calculate t(j).
5
Let q(n) = -12*n + 6 - 3*n - 4*n + 20*n. Determine q(-5).
1
Let x(m) be the second derivative of -m**4/3 + m**2/2 + 93*m. What is x(-4)?
-63
Let x(f) = -2*f**2 + 1. Suppose w + 3*b = 17, -2*b - 12 = -w - 4*b. Suppose q = 3*q - 3*s - 4, w*s = 2*q - 2. What is x(q)?
-1
Let s be (-4)/6 + (-24)/(-9). Let k(j) = 4*j**s + 3*j**2 + 1 - j**2 - 2*j. Let r = -7 + 8. Give k(r).
5
Let t(y) be the second derivative of y**4/12 - 13*y**3/6 + 3*y**2 + 81*y. Determine t(12).
-6
Let f be (-4)/2*(69/36 + -2). Let b(s) be the third derivative of 0 - 1/60*s**5 + 0*s + s**2 + f*s**4 + 0*s**3. Calculate b(4).
0
Let g(r) = 6*r**2 - 48*r + 98. Let i be g(30). Let c(t) = -t + 4058 - i. What is c(-6)?
6
Let r(q) = q + 35 - 2 - 18. Determine r(-11).
4
Let r(p) be the first derivative of -p**2/2 - 5. Suppose -3*y - y = 0. Suppose 4*i + 0*i + 12 = y. Give r(i).
3
Let i(b) = 7*b - 3 - 2*b**2 + 3*b**2 - 3 - 5 + 15. Give i(-8).
12
Suppose -3*y = 4*i - 7, 3*y = 6*y - 3*i. Let n(k) = 10*k - 1. What is n(y)?
9
Let j(y) be the first derivative of y**3/6 + y**2 + 35*y - 19. Let g(i) be the first derivative of j(i). Determine g(4).
6
Let m(w) = -9*w - 7. Let b(d) = -d - 2. Let p(t) = -6*b(t) + m(t). Calculate p(2).
-1
Let x(n) = n**2 + 5*n. Let s be x(-5). Suppose -6*m + 2*m = s. Let a(v) = v + 12. What is a(m)?
12
Suppose a + v = 0, -36*v + 39*v = 5*a + 24. Let n(p) = -2*p**3 - 4*p**2 + p + 1. Determine n(a).
16
Let f(h) = -16*h + 1. Let w(n) = -n**3 + 23*n**2 + 79*n - 29. Let s be w(26). Determine f(s).
49
Suppose -5*a - 6 = 3*y - 27, -5*y - a = -13. Let g(l) = l**2 + 3*l**2 - l**y - 10 - 4*l**2 + l**3. Calculate g(0).
-10
Let g(n) be the third derivative of -n**6/720 - n**5/60 - 11*n**4/24 - 19*n**2. Let q(b) be the second derivative of g(b). Give q(-8).
6
Let a(l) = l - 8. Let d be 12/(-16) + (-213)/(-12). Suppose 3*m - d = 1. What is a(m)?
-2
Let s(n) = 10*n**3 + 6*n**2 + 9*n - 18. Let t(w) = -7*w**3 - 5*w**2 - 6*w + 12. Let c(r) = 5*s(r) + 7*t(r). Calculate c(4).
-10
Let n(h) be the second derivative of 0 + 35*h - 3*h**2 - 1/6*h**3. What is n(-6)?
0
Let h be 10/(-4)*4/2. Let a(x) be the third derivative of 0 - 5/6*x**3 + 6*x**2 - 1/12*x**4 + 0*x. What is a(h)?
5
Let y(h) be the third derivative of h**6/120 - h**5/6 - h**4/24 + 5*h**3/6 + 34*h**2. Give y(10).
-5
Let f(d) = -d**3 - 4*d**2 - 2. Let o = 26 + -43. Let p = 27 + o. Let a be (-9)/2 - (-5)/p. Determine f(a).
-2
Let x = 26 - 23. Let p(i) = -6 - 8*i + i + i - i**2 - x*i. What is p(-7)?
8
Let d(q) = -2*q + 3. Suppose -3*a + 12 - 3 = 0. Give d(a).
-3
Suppose -4*i - 9 = -5*y - 57, 0 = 2*i + 4*y + 2. Let x(t) = t**2 + 2620 - 2617 + 2*t - 2*t**2 - t + 7*t. Calculate x(i).
10
Let q(a) = -a**3 + 8*a**2 - 6*a - 6. Suppose 0 = -5*m - 2*t + 35, 0*m - 5*t = 3*m - 21. Suppose -2*d = -m*d + 65. Let r = d + -6. What is q(r)?
1
Let r(s) be the first derivative of s**3/6 - 6*s**2 + 21*s - 14. Let f(t) be the first derivative of r(t). What is f(6)?
-6
Let v(o) be the second derivative of 2*o**3/3 - 9*o**2/2 - o - 51. What is v(4)?
7
Let x(t) be the third derivative of t**6/120 + t**5/30 - 5*t**4/24 + 4*t**3/3 - 4*t**2 - 20. What is x(-4)?
-4
Let c(q) = q**3 - 4*q**2 - q - 2. Let s be c(4). Let k(o) be the third derivative of 4*o**2 - 7/6*o**3 + 7/24*o**4 + 0*o + 1